{"id":15,"date":"2016-02-24T18:17:25","date_gmt":"2016-02-24T18:17:25","guid":{"rendered":"http:\/\/frosvi.se\/?page_id=15"},"modified":"2016-02-25T11:53:58","modified_gmt":"2016-02-25T10:53:58","slug":"om-garden","status":"publish","type":"page","link":"https:\/\/frosvi.se\/?page_id=15","title":{"rendered":"Om G\u00e5rden"},"content":{"rendered":"<h4><span style=\"color: #003366;\">Hur det b\u00f6rjade&#8230;<\/span><\/h4>\n<p>G\u00e5rden \u00e4r en sl\u00e4ktg\u00e5rd till Christian som funnits i flera generationer. Mj\u00f6lkproduktion \u00e4r n\u00e5got som alltid har funnits p\u00e5 g\u00e5rden. Christian tog \u00f6ver g\u00e5rden \u00e5r 2001 efter hans far, Bengt. P\u00e5 den tiden d\u00e5 Bengt drev g\u00e5rden s\u00e5 jobbade b\u00e5de Christian och Bengt heltid.<br \/>\nVi har idag cirka 70-tal mj\u00f6lkande kor, totalt cirka\u00a0200 djur med kalvar, kvigor och<br \/>\nk\u00f6ttdjur inr\u00e4knat. G\u00e5rden har ekologisk mj\u00f6lk- och k\u00f6ttproduktion och \u00e4ven ekologisk v\u00e4xtodling och \u00e4r d\u00e5 certifierad enligt KRAV:s regler.<\/p>\n<p>H\u00f6sten \u00e5r 2003 gick vi \u00f6ver fr\u00e5n uppbundet till mj\u00f6lkning med mj\u00f6lkrobot efter en ombyggnation av gamla ladug\u00e5rden samt en byggnation av en ny ligghall. Mj\u00f6lkroboten kommer fr\u00e5n Delaval.<br \/>\nVi startade upp robotmj\u00f6lkningen under tre intensiva dagar f\u00f6r att f\u00e5 de tidigare uppbundna korna till att f\u00f6rst\u00e5 den nya milj\u00f6n. Tredje natten fungerade det och vi kunde f\u00e5 sova. Otroligt att det gick s\u00e5 smidigt som det gjorde.<br \/>\nUnder vintern 2009\/2010 byggdes ett nytt ungdjursstall p\u00e5 g\u00e5rden med totalt\u00a0 cirka 140 liggplatser.<br \/>\nSommaren 2015 byggdes en spannm\u00e5lssilo p\u00e5 g\u00e5rden f\u00f6r att kunna\u00a0lagra v\u00e5rt spannm\u00e5l p\u00e5 ett effektivt och bra s\u00e4tt.<\/p>\n<h4><span style=\"color: #003366;\">V\u00e5r g\u00e5rd idag<\/span><\/h4>\n<p>Vi brukar ca 135 ha f\u00f6rdelat p\u00e5 vall och spannm\u00e5l, g\u00e5rden har ocks\u00e5 40 ha skog.<br \/>\nVi rekryterar v\u00e5ra djur sj\u00e4lva, det vill s\u00e4ga att vi f\u00f6der upp kalvar fr\u00e5n v\u00e5ra egna kor och kvigor som senare g\u00e5r in i produktionen.\u00a0Detta\u00a0g\u00f6r att vi \u00e4r sj\u00e4lvhush\u00e5llande p\u00e5 egna kalvar, b\u00e5de kvigkalvar som blir v\u00e5ra\u00a0mj\u00f6lkande kor\u00a0efter cirka 24 m\u00e5nader och \u00e4ven tjurkalvar som vi har kvar till vuxen \u00e5lder.<br \/>\nV\u00e5r ambition \u00e4r att utveckla g\u00e5rden vidare och finna l\u00f6nsamhet inom flera omr\u00e5den men att huvudsysslan \u00e4r \u00e4nd\u00e5 v\u00e5r mj\u00f6lkproduktion. Ett steg var ju att g\u00e5 \u00f6ver till ekologisk produktion.<\/p>\n<h4><strong><span style=\"color: #003366;\">Dagens lantbruk &#8211; ett modernt f\u00f6retag\u00a0<\/span><\/strong><\/h4>\n<p>Utvecklingen inom all lantbruk har blivit att du som lantbrukare m\u00e5ste ha ett annat aff\u00e4rst\u00e4nk idag \u00e4n f\u00f6r bara 10-20 \u00e5r sedan. Konkurrensen h\u00e5rdnar och p\u00e5verkar allt mer den enskilde bonden. Idag m\u00e5ste du leta kostnader och effektivisera mer \u00e4n tidigare. Att tro att vi kan konkurrera p\u00e5 samma villkor med samma matpriser som andra l\u00e4nders lantbrukare tror jag aldrig kommer att ske, utan vi m\u00e5ste d\u00e5 ist\u00e4llet satsa mer p\u00e5 att visa upp v\u00e5r styrka &#8211; p\u00e5 den kvalitet vi har i v\u00e5r svensk- och n\u00e4rproducerade\u00a0mat vi tillverkar och p\u00e5 v\u00e5ra \u00f6ppna landskap. Att importera det vi kan tillverka sj\u00e4lva kan inte gynna v\u00e5rt land och framf\u00f6rallt inte milj\u00f6n.<br \/>\nTill ett kilo ost t ex g\u00e5r det \u00e5t hela 10 kilo f\u00e4rskmj\u00f6lk. Att v\u00e4lja svensk mat ska vara en sj\u00e4lvklarhet.<\/p>\n<h5><em><strong><span style=\"color: #003366;\">T\u00e4nk p\u00e5 att vi \u00e4ger inte jorden utan l\u00e5nar den bara av v\u00e5ra barnbarn&#8230;<\/span><\/strong><\/em><\/h5>\n","protected":false},"excerpt":{"rendered":"<p>Hur det b\u00f6rjade&#8230; G\u00e5rden \u00e4r en sl\u00e4ktg\u00e5rd till Christian som funnits i flera generationer. Mj\u00f6lkproduktion \u00e4r n\u00e5got som alltid har funnits p\u00e5 g\u00e5rden. Christian tog \u00f6ver g\u00e5rden \u00e5r 2001 efter hans far, Bengt. P\u00e5 den tiden d\u00e5 Bengt drev g\u00e5rden s\u00e5 jobbade b\u00e5de Christian och Bengt heltid. Vi har idag cirka 70-tal mj\u00f6lkande kor, totalt [&hellip;]<\/p>\n","protected":false},"author":1,"featured_media":0,"parent":0,"menu_order":0,"comment_status":"closed","ping_status":"closed","template":"","meta":{"footnotes":""},"class_list":["post-15","page","type-page","status-publish","hentry","post-preview"],"_links":{"self":[{"href":"https:\/\/frosvi.se\/index.php?rest_route=\/wp\/v2\/pages\/15","targetHints":{"allow":["GET"]}}],"collection":[{"href":"https:\/\/frosvi.se\/index.php?rest_route=\/wp\/v2\/pages"}],"about":[{"href":"https:\/\/frosvi.se\/index.php?rest_route=\/wp\/v2\/types\/page"}],"author":[{"embeddable":true,"href":"https:\/\/frosvi.se\/index.php?rest_route=\/wp\/v2\/users\/1"}],"replies":[{"embeddable":true,"href":"https:\/\/frosvi.se\/index.php?rest_route=%2Fwp%2Fv2%2Fcomments&post=15"}],"version-history":[{"count":8,"href":"https:\/\/frosvi.se\/index.php?rest_route=\/wp\/v2\/pages\/15\/revisions"}],"predecessor-version":[{"id":77,"href":"https:\/\/frosvi.se\/index.php?rest_route=\/wp\/v2\/pages\/15\/revisions\/77"}],"wp:attachment":[{"href":"https:\/\/frosvi.se\/index.php?rest_route=%2Fwp%2Fv2%2Fmedia&parent=15"}],"curies":[{"name":"wp","href":"https:\/\/api.w.org\/{rel}","templated":true}]}}